Let b be (-4 - (3 + -2)) + 2 + 23. Suppose 2*m + 5*r = 18, -3*m - 3*r - r + b = 0. Calculate the highest common divisor of m and 1.
1
Suppose -2*k - 4*d = -3*d - 30, 3*k - 38 = 2*d. Suppose 0 = k*c - 12*c - 112. What is the highest common factor of c and 7?
7
Let x = -76 - -157. Let u be 3 + (-30)/(-35)*7. What is the highest common divisor of x and u?
9
Let h be (-52 - -66)*10/4. What is the highest common divisor of 105 and h?
35
Suppose -112 + 0 = 4*u. Let x = u - -31. What is the highest common factor of 27 and x?
3
Let r(f) = 6*f**3 + 3*f - 4. Let c(b) = 3*b - 52. Let l be c(18). Let a be r(l). Calculate the greatest common factor of 25 and a.
25
Suppose -4*r + 331 = -293. Suppose l - 4*l - r = -2*w, 5*l = -3*w + 253. What is the greatest common divisor of w and 9?
9
Let i(u) = -15*u - 3. Let f be i(-1). Suppose f - 34 = -2*z. What is the greatest common divisor of z and 99?
11
Let x(v) = v**3 + 4*v**2 - 12*v + 10. Let i be x(-6). Calculate the highest common factor of 60 and i.
10
Suppose 4*u + 20 = -4. Let s be 426/15 - u/(-15). Let l = s + -12. Calculate the greatest common divisor of 64 and l.
16
Let u = 10 - 10. Let g = u + 8. Let x(t) = 2*t**2 - t - 4. Let i be x(4). What is the greatest common factor of g and i?
8
Suppose 262 = -3*u - 20. Let f = 32 - u. Let r = -37 + 55. Calculate the greatest common divisor of f and r.
18
Let f be 2/7 - (-1190)/(-49). Let j = f - -45. Let q = -8 + j. What is the highest common factor of 39 and q?
13
Let b be (1316/235)/(4/10). Calculate the highest common divisor of b and 70.
14
Let p = -14 - -14. Suppose p = -r + 2*r + 2. Let s be (-1 + 11)*(-3)/r. What is the greatest common factor of s and 6?
3
Let q(a) = -a - 28. Let f(g) = -3*g - 56. Let n(r) = 6*f(r) - 11*q(r). Let w be n(-11). What is the greatest common divisor of w and 98?
49
Let r = -63 + 35. Let x = -25 - r. Suppose -o = -4*p - 5*o + 44, -4*p = -x*o - 30. What is the greatest common factor of p and 3?
3
Suppose 0 = -21*o + 3*o + 2142. Calculate the greatest common factor of 68 and o.
17
Let x be 717/3 + (-6)/(-30)*-5. Calculate the greatest common factor of x and 14.
14
Let c(l) = -3*l - 4. Let a be c(-4). Suppose -5*w + 4*x + 12 = 0, w + 10*x - 9*x = 6. What is the greatest common factor of w and a?
4
Let v = -374 - -617. Let z(b) = 2*b**2 - 2*b + 3. Let a be z(-3). What is the highest common divisor of v and a?
27
Suppose 5*c = -16 - 99. Let s be (-3 + (-3 - c - 2))*1. What is the highest common factor of 30 and s?
15
Let g(j) = -j**3 + 31*j**2 - 23*j - 30. Let r be g(30). What is the greatest common divisor of 405 and r?
45
Let i(d) = 14*d + 278. Let c be i(-18). Calculate the highest common divisor of 91 and c.
13
Let s = -87 - -91. Suppose k = 0, -2*k - 234 = -s*z + 6. What is the highest common factor of z and 12?
12
Let u be (-54)/(-15) - 6/(-15). Suppose y - 432 = -3*y. Suppose -u*r - 2*p - 35 = -117, 5*r - y = 3*p. What is the highest common divisor of 14 and r?
7
Let g = -134 - -188. What is the highest common factor of g and 12?
6
Let c be (-1)/3 + 128/6. Let v = 36 - c. Suppose -v = -h + 11. What is the highest common factor of 13 and h?
13
Let k(c) = 74*c - 8. Let w be k(1). Suppose 0 = 3*l - 0*l - 2*z - 134, -4*l - z + 175 = 0. Calculate the greatest common factor of w and l.
22
Let s = -492 - -705. Suppose 38 - s = -z. Suppose 0 = 5*t + 5*y - 145, z = 5*t - 4*y - y. What is the highest common divisor of t and 16?
16
Suppose -9*l + 9479 = 659. Calculate the greatest common factor of 20 and l.
20
Let l = -2268 - -2289. Suppose -4*w - 3*p + 912 = 0, p = -2*w - p + 454. Calculate the greatest common factor of l and w.
21
Let d = -182 + 583. Suppose -10*k - d = -2501. What is the highest common factor of k and 30?
30
Let i(h) = h**2 - 1. Let v be i(6). Suppose -98 = -5*y - 2*y. What is the highest common factor of y and v?
7
Suppose 5*j - 482 = 23. Let q = j + -71. Calculate the highest common divisor of q and 6.
6
Suppose 2*a = -2*b + 2, -2*a - 3 = -3*b + a. Let z be 4/(-2) - -2 - -3. What is the greatest common divisor of z and b?
1
Suppose 158 = 3*k + 2*l - 20, l = -4*k + 229. Let x = k - 28. Let j(m) = -m**2 + 15*m + 41. Let f be j(17). Calculate the greatest common divisor of f and x.
7
Suppose -48 = -5*b - 13. Suppose 0 = 3*h - 14*h - 2423 + 2434. Calculate the greatest common divisor of b and h.
1
Let j = -33 + 33. Suppose 4*x + 788 = 4*g, -4*g + j*x - 5*x = -815. What is the highest common divisor of g and 25?
25
Suppose 0*f + 2*i = 2*f - 162, 9 = -3*i. Calculate the highest common divisor of 6 and f.
6
Let m(c) = 5*c**2 - 3*c + 1. Suppose -2*p + 13 = -3*h, -4*h + 3 - 15 = 0. Let f be m(p). Calculate the highest common divisor of 30 and f.
15
Let a = -79 + 79. Suppose 0 = 5*u - 0*o + o - 175, 5*u - 5*o - 175 = a. Calculate the highest common divisor of u and 5.
5
Let m(v) = -v**2 - 8*v - 2. Let u be (1 - (-2 + 12)) + 2. Let o be m(u). Let c = 4 + o. Calculate the greatest common factor of c and 9.
9
Suppose 0 = 5*l - 5*d - 55, d = 2*d + 4. Suppose -l = -2*m + 1. Suppose m*t = 5 + 3. Calculate the greatest common divisor of 16 and t.
2
Let g be -1 + (0 + 6/9)*-3. Let y be (6/9*g)/((-1)/2). What is the greatest common factor of y and 52?
4
Suppose -187 = -5*d + 463. Calculate the highest common factor of 455 and d.
65
Suppose -4*c + 60 = c + 5*y, y = 2*c - 12. Let o(b) be the second derivative of -b**3/3 + 14*b. Let w be o(-1). Calculate the greatest common factor of c and w.
2
Let g = 92 + -66. Suppose -5*a + g + 14 = 0. Suppose -14*p = -a*p - 72. What is the highest common divisor of 36 and p?
12
Let g(t) = -417*t - t**2 + 1 + 3*t**2 + 418*t. Let v(n) = -n**2 + 5*n + 8. Let j be v(6). Let f be g(j). Calculate the greatest common divisor of f and 99.
11
Suppose -26*p + 27*p = 35. Calculate the greatest common factor of p and 105.
35
Let q(i) = 3*i**2. Let g be q(2). Let k(s) = -s**2 + 17*s - 12. Let b be k(g). Let d = 0 + 6. Calculate the highest common divisor of b and d.
6
Suppose 65*r - 69*r = -1156. Calculate the greatest common divisor of r and 34.
17
Let f be (16/(-40) + (-67)/(-5))/1. Suppose 3*n - 3*b = 84, -5*n - 5*b = f - 173. Calculate the greatest common divisor of 75 and n.
15
Let m(k) = k**3 + 3*k**2 + 3*k - 5. Let x be m(4). Suppose -4*g = -45 - 15. Let i = g - -2. Calculate the greatest common divisor of i and x.
17
Suppose -5*p = -78 - 2. Let v = -87 + 151. What is the greatest common divisor of p and v?
16
Let v(f) = 8*f - 59. Let k be v(9). Calculate the highest common divisor of 104 and k.
13
Suppose 3*u = -2*n + 6*n + 449, 5*n = -2*u + 261. Let f be -1 + 12 + 2 + 0. Suppose -3*k + f = -26. Calculate the greatest common divisor of u and k.
13
Let x = 15 + -13. Suppose 2*i - 10 = 0, 2*i - 50 = -3*d - x*i. Let f(l) = 39*l**2 - l. Let m be f(-1). What is the greatest common divisor of m and d?
10
Suppose 21*p - 1115 = -23. What is the greatest common factor of p and 156?
52
Let b be (-3 + 4 - 15)*18/(-12). What is the greatest common factor of 63 and b?
21
Let g(b) = 19*b**2 - 14*b + 20. Let o be g(5). Calculate the greatest common factor of o and 25.
25
Suppose 58*l - 65*l = -126. What is the greatest common factor of l and 114?
6
Suppose -2*u - 19 = u - 2*j, -j - 4 = 0. Let w = u + 3. Let q(l) = l**2 + 6*l + 9. Let f be q(w). Calculate the highest common factor of 36 and f.
9
Let r(t) = 287*t**2 - 19*t - 17. Let d be r(-1). What is the greatest common divisor of 85 and d?
17
Let p(t) = 12*t - 30. Let y(g) = -g**2 - 2*g + 4. Let f be y(0). Let l be p(f). Calculate the greatest common divisor of l and 27.
9
Let v(f) = f**2 - 8*f - 6. Let n = 3 - 6. Let p be 3 - (-1 + n) - -3. Let b be v(p). Calculate the highest common divisor of 21 and b.
7
Let n be -14 - -12 - -81 - 10/(-2). What is the highest common factor of 56 and n?
28
Let u = 4 - -6. What is the greatest common factor of u and 490?
10
Let y = -11 + 14. Let w = 2 - -1. What is the highest common divisor of y and w?
3
Let f = -846 - -1206. What is the highest common factor of f and 40?
40
Suppose -5*k = z - 0*k - 12, 0 = -3*z + k + 4. Suppose z*n = -2*a + 68, -128 = -5*a + n + 36. What is the greatest common divisor of a and 3?
3
Let k = 237 - 172. What is the highest common divisor of k and 65?
65
Suppose 13*k = 14*k + 37. Let t = 199 + k. 